f?
30a1
In base 2, what is -11100110101111001 + -10?
-11100110101111011
In base 10, what is -5356 + 1?
-5355
In base 6, what is -4403 - 324?
-5131
In base 2, what is 10011011010100001 + -10110?
10011011010001011
In base 5, what is 142 - 2033?
-1341
In base 6, what is 221 + 410?
1031
In base 9, what is 0 + -665623?
-665623
In base 13, what is 1066 + 84?
111a
In base 12, what is -1 + -188733?
-188734
In base 3, what is 1021 + 10000?
11021
In base 6, what is 5 + -310351?
-310342
In base 15, what is -19c2ce - -3?
-19c2cb
In base 2, what is 10000110101010111 - 10101?
10000110101000010
In base 10, what is -52 + -1589?
-1641
In base 5, what is 44123 + -430?
43143
In base 16, what is -be6e - -4?
-be6a
In base 7, what is 26142 - -364?
26536
In base 5, what is -1334242 - 2?
-1334244
In base 8, what is 2007101 + 5?
2007106
In base 14, what is -2c6dc + 7?
-2c6d5
In base 2, what is -110110101000110 + -101?
-110110101001011
In base 13, what is 73 + -412?
-36c
In base 14, what is -d - b4?
-c3
In base 7, what is 3 + -113105?
-113102
In base 14, what is 7 - 375a5?
-3759c
In base 11, what is -2a82 + 20?
-2a62
In base 2, what is -11000001101100 - 1?
-11000001101101
In base 3, what is -101112102 + 11111?
-101100221
In base 12, what is -3 + -5343?
-5346
In base 12, what is 3 + -116b85?
-116b82
In base 9, what is 51518 - 5?
51513
In base 7, what is -5400425 + 4?
-5400421
In base 3, what is -1110222 + 2202?
-1101020
In base 14, what is -1d + -218?
-237
In base 9, what is -138 - 17652?
-17801
In base 10, what is -59780 + 4?
-59776
In base 16, what is -422a98 - 1?
-422a99
In base 8, what is -13341 - -24?
-13315
In base 6, what is -10014 + 250?
-5324
In base 7, what is -41300 - 31?
-41331
In base 7, what is -33 + -12661?
-13024
In base 13, what is -c + -11793?
-117a2
In base 15, what is -1 - 1363a?
-1363b
In base 14, what is 0 + 31555?
31555
In base 2, what is 10011100001111100 - -100011?
10011100010011111
In base 11, what is aa + 756?
855
In base 14, what is 94d - -267?
bb6
In base 14, what is -1 + -17194?
-17195
In base 3, what is 12 + 20202112022?
20202112111
In base 11, what is 2166 - 50?
2116
In base 13, what is a + 65a2a?
65a37
In base 14, what is -5 - -5936d?
59368
In base 13, what is -4 - -3c0c5?
3c0c1
In base 8, what is 6214 - 20?
6174
In base 6, what is -142535 - 14?
-142553
In base 2, what is -1001101100 + -10010011?
-1011111111
In base 11, what is -83906 + -2?
-83908
In base 8, what is -51 - -34?
-15
In base 10, what is 126 + -389?
-263
In base 11, what is -389 - 482?
-860
In base 4, what is -1 - 33131101?
-33131102
In base 11, what is -178 + 5721?
5554
In base 8, what is -357 - 14575?
-15154
In base 3, what is 10012 + 1120211?
1201000
In base 7, what is 0 + 12616?
12616
In base 10, what is -9 + 13086?
13077
In base 13, what is -4 + -278b8c?
-278b93
In base 7, what is -2005 + 6352?
4344
In base 6, what is -2100 + 15?
-2041
In base 3, what is 1201220 + -20?
1201200
In base 12, what is 14 - -33852?
33866
In base 8, what is -5431 - -23?
-5406
In base 11, what is 30 + -5459?
-5429
In base 16, what is 0 + -1773a?
-1773a
In base 11, what is -2175 + -27?
-21a1
In base 3, what is -10011 - -110222020?
110212002
In base 13, what is c7089 + 4?
c7090
In base 2, what is -10110 + -1000111011?
-1001010001
In base 5, what is -2 - 2132324?
-2132331
In base 11, what is -86051 - 5?
-86056
In base 14, what is -3b5a - -3?
-3b57
In base 4, what is 3 - 1332302?
-1332233
In base 10, what is -101486 + 5?
-101481
In base 7, what is -1021666 + -21?
-1022020
In base 13, what is -4590 + -190?
-4750
In base 4, what is 21 + 12310001?
12310022
In base 2, what is -1000101 + -11000011?
-100001000
In base 3, what is 10101020000 + 2?
10101020002
In base 7, what is -4 + 5515034?
5515030
In base 12, what is -50 + -15b?
-1ab
In base 6, what is 1104 + 11132?
12240
In base 8, what is -10 - 74777?
-75007
In base 2, what is 1111000101 + -111010?
1110001011
In base 10, what is 5 + 16103?
16108
In base 9, what is 54744 - 1?
54743
In base 2, what is 11000010010001001 - 101?
11000010010000100
In base 15, what is -58e2a + 2?
-58e28
In base 2, what is 10111011 + -10011111?
11100
In base 6, what is -2 + -24402350?
-24402352
In base 3, what is 120110222 + 211?
120111210
In base 14, what is -2264 + 42?
-2222
In base 6, what is 111 - -553300?
553411
In base 9, what is -5 + -660067?
-660073
In base 7, what is 1236 - 13?
1223
In base 7, what is 0 + 1102302?
1102302
In base 5, what is -112 + -23334?
-24001
In base 8, what is -12 + -312?
-324
In base 4, what is -10303123232 - -2?
-10303123230
In base 5, what is -14 + -41443103?
-41443122
In base 9, what is 13126 - 402?
12624
In base 10, what is -5 - 146775?
-146780
In base 12, what is 46 - -501?
547
In base 16, what is -d1ca + 1?
-d1c9
In base 4, what is 0 - -112311203?
112311203
In base 12, what is -189 + 1373?
11a6
In base 3, what is -10 + -222111211?
-222111221
In base 5, what is 302121 - 3?
302113
In base 2, what is 101101010110000 + -1011000?
101101001011000
In base 3, what is -12 + 1110120000121?
1110120000102
In base 15, what is -8064dc - -2?
-8064da
In base 11, what is -3 - -870405?
870402
In base 9, what is 8238 + 1?
8240
In base 15, what is -2 - -5d7?
5d5
In base 11, what is 1 - -72254?
72255
In base 3, what is -1 + -200100022?
-200100100
In base 16, what is 59e3 + 11?
59f4
In base 2, what is -1010011111 - 1000101?
-1011100100
In base 11, what is 26340 + 5?
26345
In base 16, what is -2b8 + 148?
-170
In base 2, what is -110 - 111110000000100100?
-111110000000101010
In base 15, what is 5e + -d7e?
-d20
In base 15, what is -2828 + 255?
-25c3
In base 6, what is -435411441 + 3?
-435411434
In base 6, what is -413 + 34501?
34044
In base 10, what is 69 - -4062?
4131
In base 7, what is -306 - -12500?
12161
In base 8, what is -5 - -4201103?
4201076
In base 14, what is 4d19 + -17?
4d02
In base 15, what is -2dcc1 + 1?
-2dcc0
In base 4, what is 2 + 1233303?
1233311
In base 15, what is 88 - cd?
-45
In base 6, what is 14240335 + -4?
14240331
In base 10, what is 2 + 562607?
562609
In base 12, what is 8546 + 3?
8549
In base 15, what is -7 - 30b9d?
-30ba5
In base 11, what is -166a323 + -2?
-166a325
In base 14, what is 22 - -6024?
6046
In base 6, what is 405313 - -1?
405314
In base 11, what is -35099 + -9?
-350a7
In base 5, what is -1022222 + 3?
-1022214
In base 10, what is -312 + -1588?
-1900
In base 15, what is -14cda + -c?
-14ce7
In base 15, what is 1e + -2c61?
-2c42
In base 10, what is -672 - -3?
-669
In base 3, what is -1221 + -12012?
-21010
In base 13, what is 1 - 80164?
-80163
In base 5, what is 11033 - 4232?
1301
In base 8, what is 4247 + 74?
4343
In base 6, what is 11 - -3403?
3414
In base 11, what is -25166 + 2?
-25164
In base 10, what is 95395 + 1?
95396
In base 14, what is c + 2ccd9?
2cd07
In base 10, what is 920 - 92?
828
In base 7, what is -225 + 2263?
2035
In base 3, what is -11102122 + 112002?
-10220120
In base 6, what is -130031 + 1?
-130030
In base 15, what is 1bb + 105?
2c1
In base 13, what is -3c5a1 + 1c?
-3c582
In base 13, what is 1a168b + 4?
1a1692
In base 11, what is -35 - -2081?
2047
In base 14, what is -28 + 45c?
434
In base 15, what is 3 + 1647?
164a
In base 5, what is 14203 + -11?
14142
In base 11, what is -2808 + 10?
-27a8
In base 8, what is 2 + -112367?
-112365
In base 8, what is 27 - 52230?
-52201
In base 4, what is -203 - -200001?
133132
In base 14, what is -3c7d + 7?
-3c76
In base 4, what is -3120 - -1132220?
1123100
In base 9, what is -2 + 7502?
7500
In base 5, what is 132022231 - 0?
132022231
In base 10, what is 10 - 8506?
-8496
In base 16, what is 81e - 56?
7c8
In base 6, what is -3 + 1403530?
1403523
In base 5, what is -33 - -43024?
42441
In base 6, what is -134510 - 0?
-134510
In base 3, what is -2 - 22010011?
-22010020
In base 10, what is -4 + 14217?
14213
In base 9, what is -3187 + -327?
-3525
In base 2, what is -10101100111101 + -111?
-10101101000100
In base 6, what is -40524445 + 1?
-40524444
In base 12, what is a12 - -37?
a49
In base 11, what is 80a + 9a?
8a9
In base 14, what is 5 + 8a6c?
8a73
In base 3, what is -20020 + 10121?
-2122
In base 16, what is -91 + 128?
97
In base 12, what is ab7b + 4?
ab83
In base 14, what is -21c + -11b?
-339
In base 12, what is -a + -36940?
-3694a
In base 3, what is -2000012212 - -1?
-2000012211
